
Let q = 3 + -3. Suppose -g - 3 = 0, 39 = -3*b - q*g - 2*g. Let x = b - -21. List the prime factors of x.
2, 5
Let t(z) = -1. Let u(a) = 2*a + 9. Let d(p) = 2*t(p) + u(p). What are the prime factors of d(5)?
17
Let o(b) = 3*b**3 + b**2 + b + 118. What are the prime factors of o(0)?
2, 59
Suppose -d + 5*k - 3*k = -10, 10 = -d - 3*k. Let j(n) = 5*n + 1. List the prime factors of j(d).
11
Let j = 235 + -114. What are the prime factors of j?
11
Let y = 7 + 9. List the prime factors of y.
2
Suppose -5*q = 5*y - 60, q - 3*q = -3*y - 49. List the prime factors of q.
17
Suppose 4*h - 173 = 239. List the prime factors of h.
103
List the prime factors of 3 - (-98 - (1 - 3)).
3, 11
Suppose -4*y + 4*l + 3 + 1 = 0, -5*l = 5. Suppose a - 1 + 31 = y. What are the prime factors of 8/10*a/(-3)?
2
Suppose 760 = 5*l - 2*i, -6*l = -4*l + i - 313. List the prime factors of l.
2, 7, 11
Let o(g) = 12*g**2 - 1. Let n be 2/4 - (-3)/6. List the prime factors of o(n).
11
Let b = 3 + -9. Let v = b + 14. What are the prime factors of v?
2
Suppose -4*x + 11*x = 903. What are the prime factors of x?
3, 43
Suppose -137 - 311 = -4*r. List the prime factors of r.
2, 7
Let c = -156 + 111. Let o = c - -65. What are the prime factors of o?
2, 5
Suppose -o + 1162 = 4*o - 4*d, 2*o + 4*d - 448 = 0. List the prime factors of o.
2, 5, 23
Let w be 9/(-6)*-2 + -1. Suppose -w*s + 6 = 2. What are the prime factors of s?
2
Suppose -2*j = 3*j + 10. Let w be (-4)/(j + 0) - 0. What are the prime factors of w/6 + 58/6?
2, 5
Let d(w) = -w**3 - 7*w**2 + 10*w + 8. Let a be d(-8). List the prime factors of (9/(-2))/(4/a).
3
Let k be (-6)/1*(-21)/2. What are the prime factors of 32/6*k/28?
2, 3
Suppose -7*q = 4*q - 1309. What are the prime factors of q?
7, 17
Let b(r) = 2*r - 1. Let f(p) be the third derivative of -p**4/24 - p**3/6 - p**2. Let n be f(-3). What are the prime factors of b(n)?
3
Let r(a) = -21*a**3 + 1 + 4*a - a - 2*a. List the prime factors of r(-1).
3, 7
Let p = -93 + 167. List the prime factors of p.
2, 37
Let r = 3 + -1. Let m(k) = -1 - 3*k**2 + k + 7*k**2 + r*k**2. List the prime factors of m(1).
2, 3
Suppose 0*v + 4*q = -2*v + 82, 0 = 2*v - 5*q - 55. List the prime factors of v.
5, 7
Suppose 0 = -y + 3*i - 4, -2 + 0 = 2*y - 4*i. Suppose -h + 4*p - p = -7, 7 = h + y*p. List the prime factors of h.
7
List the prime factors of 24/18 + -3 + 1104/9.
11
Let d(n) be the second derivative of n**4/3 + n**3/3 + n**2 + n. Let r = -28 + 26. List the prime factors of d(r).
2, 7
Let c(p) = -p**3 - 3*p**2 + 4*p + 6. What are the prime factors of c(-4)?
2, 3
Let t = -4 - -4. Suppose d + t = 4. Let m(o) = o**3 - 4*o**2 + o + 5. List the prime factors of m(d).
3
Let d(c) = c**3 + 2*c**2 - 6*c + 3. List the prime factors of d(-3).
2, 3
Let z(p) = p**3 - 7*p**2 - p + 10. Let y = 3 + 0. Suppose 3*w = -y*t + 14 + 10, -t - 13 = -2*w. What are the prime factors of z(w)?
3
Suppose t + 4*l = 6*t + 2, 4*l = t - 6. Let r(p) = 4*p + 1. Let q be r(1). Let x = q + t. What are the prime factors of x?
3
Suppose -3*q + 56 = -175. What are the prime factors of q?
7, 11
Let m = 50 - 12. List the prime factors of m.
2, 19
Let s = 800 + -562. What are the prime factors of s?
2, 7, 17
Let c = -16 + -50. Let v = -40 - c. What are the prime factors of v?
2, 13
Let m(x) = -x**2 + 9*x + 13. Let a be m(9). Suppose 3*y - 2*r = 17, -3*y = -2*y + 4*r + a. What are the prime factors of y?
3
Let o be 0 - 5/(5/(-4)). Suppose -o*s + 32 - 4 = 0. List the prime factors of s.
7
Let g = 6 + -4. Suppose -i = -g*i - 4. What are the prime factors of (i - (2 + 1))/(-1)?
7
Let f be (-6)/15 - (-54)/10. Let g be 1/1*f/1. Suppose -g*d + 65 = 15. List the prime factors of d.
2, 5
Suppose -8*f = 171 - 499. What are the prime factors of f?
41
Suppose 0 = -2*s + 30 + 10. Let k = s + -8. What are the prime factors of k?
2, 3
Suppose -c = -4*t - 5, 10 = t + c + c. Let v be (1 - t)/(4 - 3). List the prime factors of v/(-1) + 10 - 0.
3
Let q = 6 - 2. Let i = q + -2. Suppose 2*o = -3*v + 27, -i*o - 3*v - v = -32. List the prime factors of o.
2, 3
Let n = -92 - -260. Let w = n - 110. Suppose 3*x = 3*i - 21, 2*x + w - 17 = 5*i. List the prime factors of i.
3
Let v = 205 - 146. What are the prime factors of v?
59
Let t = -1 + -1. Let g be (t + 2 - 0)*-1. Suppose g = 3*l - 0*l - 51. List the prime factors of l.
17
Suppose 2*z + 1 = -g, 3*z + 9 = -5*g - 10. Suppose -z*q + 16 = -22. What are the prime factors of (-2)/6 - q/(-3)?
2, 3
Let q(z) = -12*z**3. Let p be (-2)/(-3)*6/(-4). Let d be q(p). What are the prime factors of d/5*30/9?
2
Let y(d) = 5 + 2*d - 2*d + 1 + d. What are the prime factors of y(-4)?
2
Let a(w) = w**3 + 17*w**2 + 17*w + 22. What are the prime factors of a(-16)?
2, 3
Suppose -21 = -2*w + 4*u - 3, -5*w + 3*u = -31. List the prime factors of w.
5
Suppose 0*z = 3*z - 231. What are the prime factors of z?
7, 11
Suppose -7*c - 4 = -6*c. Let o = c - -29. List the prime factors of o.
5
Let u(r) = r**3 - r**2 + 4. Let m be u(3). Suppose 0 = 4*b - 0*b + 64. Let y = b + m. List the prime factors of y.
2, 3
Let m(o) = o**3 + 6*o**2 - 7*o + 1. Let u be m(-7). What are the prime factors of 2/(-4)*(u - 7)?
3
Suppose -j + 1 = -0*j. List the prime factors of 6/((-10)/(-6) - j).
3
Suppose -z = -4*d + 140, 4*z - 21 - 14 = -d. Let r = 13 + -34. Let n = r + d. List the prime factors of n.
2, 7
Suppose l + 2 = 2*l. Let u be (18 - -2)/(3 - l). Let n = u - 10. What are the prime factors of n?
2, 5
Let v(j) = j**3 - 8*j**2 + 7*j + 1. What are the prime factors of v(8)?
3, 19
Suppose 7*m + 188 = 3*m. Let d = -9 - m. List the prime factors of d.
2, 19
Suppose -3*j - 2*j = -20. Let f = j - 4. Let m(d) = d + 11. What are the prime factors of m(f)?
11
Let y(x) = -x**2 + 17*x + 11. What are the prime factors of y(15)?
41
List the prime factors of (-39)/(-26)*((-2)/2 - -3).
3
Suppose 4*w - 124 = 2*r - 0*r, -5*w + 155 = r. List the prime factors of w.
31
Let h = 15 + -21. Let t = -4 - h. What are the prime factors of t?
2
Let m(r) = 34*r**2 - 2*r. Let g be m(2). Let q be 1*3*g/(-18). Let a = q + 31. What are the prime factors of a?
3
Suppose -4*p + 14 = 5*j, -4*p - 22 = -j - 0*j. Suppose -36 = -5*y - j. Suppose 5*a - 21 = -y. List the prime factors of a.
3
Suppose u - 2*j = 175, -2*u + j + 465 = 103. What are the prime factors of u?
3, 61
Suppose -2*i + 0*i - 78 = 0. Let p = i - -59. List the prime factors of p.
2, 5
Let a = -513 - -976. What are the prime factors of a?
463
List the prime factors of (-393)/(-9) - 1/(-3).
2, 11
Suppose 118 = 2*u - 188. Suppose 0 = -c - 4*c + 20. What are the prime factors of u/6*c/6?
17
Let a be ((-31)/4 + 0)*-4. Suppose -2*t + a = 11. What are the prime factors of t?
2, 5
Let q = 0 - 1. Let m(u) = -7*u - 1. Let d be m(q). Suppose d = c - 2. List the prime factors of c.
2
Let n be (-3)/(-1) - 1 - 8. Let u be (6/4)/((-3)/n). Let a = 0 + u. List the prime factors of a.
3
Suppose -112 = -5*j - 22. Let u = j + -12. Suppose o - 2*y = 18, -o - u*y - 6 = -2*y. List the prime factors of o.
2, 5
Let f(p) = -p**2 - p - 3. Let g be f(0). What are the prime factors of 9 + (-2 - g/3)?
2
Let r(n) = 8*n**2 - n + 1. Suppose -2*g = -h - 3, 5*g - 1 - 5 = h. List the prime factors of r(g).
2
Let g(y) = -4*y**2 + 5*y**2 - 4*y + y**2 + 1. Let x be 3 - (-1 + 1 + 0). List the prime factors of g(x).
7
Let g be (-815)/(-55) - 4/(-22). Suppose -r + 3*h + 6 = -9, -4*h = r - g. List the prime factors of r.
3, 5
Let a = -51 + 85. List the prime factors of a.
2, 17
Let o(a) be the first derivative of 2*a**4 + 2*a**3/3 - a**2 + a - 1. Let j = -1 + 2. What are the prime factors of o(j)?
3
Suppose -41 = -3*r + 4. Let q be r/3 + (-1 - 1). Let p = 11 - q. What are the prime factors of p?
2
Suppose 0 = 4*z - 4*o - 472, 0*o = -z + 3*o + 122. List the prime factors of z.
2, 29
Let b(k) = 33*k**3 + k**2 + k - 1. List the prime factors of b(1).
2, 17
Let h = -7 + 12. Suppose 2*v = h*v - 30. What are the prime factors of v?
2, 5
Let z be 1 + -1*(3 + -2). Suppose z = -s - 0*s + 9. What are the prime factors of s?
3
Suppose 2*x - 2 = 36. What are the prime factors of x?
19
Let r = -3 + 37. Suppose 0 = -4*w + 2*w + r. List the prime factors of w.
17
Let g(z) = -z**2 + 2*z + 4. Let v be g(3). What are the prime factors of 47 + (-3 - (-1 + v))?
2, 11
Let c be (-2)/(-5) + (